{"id":48,"date":"2025-04-16T22:47:20","date_gmt":"2025-04-16T22:47:20","guid":{"rendered":"http:\/\/localhost\/home\/"},"modified":"2025-04-19T22:14:14","modified_gmt":"2025-04-19T22:14:14","slug":"home","status":"publish","type":"page","link":"\/","title":{"rendered":"Home"},"content":{"rendered":"<h2>Servicios<\/h2><h2>Servicios generales<\/h2>\n<p>Nuestros <strong>Servicios Generales <\/strong>est\u00e1n concebidos para brindar una experiencia integral y confortable a nuestros pacientes. Esto comienza con un eficiente proceso de <strong>Admisi\u00f3n<\/strong>, dise\u00f1ado para ser \u00e1gil y personalizado. Para su comodidad y privacidad durante su estancia, ofrecemos <strong>habitaciones privadas<\/strong> que promueven un ambiente de tranquilidad y recuperaci\u00f3n. Complementando nuestra atenci\u00f3n, nuestro dedicado <strong>servicio de nutrici\u00f3n<\/strong> elabora planes alimenticios personalizados, adaptados a las necesidades m\u00e9dicas de cada paciente, contribuyendo as\u00ed a su bienestar general y proceso de recuperaci\u00f3n.<\/p>\nAdmisi\u00f3n\nHabitaciones Privadas\nServicio de nutrici\u00f3n\n<h2>quir\u00f3fanos<\/h2>\n<p>Contamos con <strong>dos amplios quir\u00f3fanos altamente equipados<\/strong> para cualquier intervenci\u00f3n. Nuestra <strong>sala de parto y ret\u00e9n<\/strong> ofrece un espacio seguro y c\u00e1lido con equipos especializados y personal calificado para una atenci\u00f3n integral durante el nacimiento y las primeras horas del reci\u00e9n nacido. Priorizamos su salud y bienestar con instalaciones de vanguardia.<\/p>\n2 amplios quir\u00f3fanos\nSala de parto\nRet\u00e9n\n<h2>unidad de cuidados intensivos<\/h2>\n<p>Nuestra <strong>Unidad de Cuidados Intensivos<\/strong> ofrece atenci\u00f3n cr\u00edtica integral con <strong>03 camas para adultos<\/strong>, \u00e1reas especializadas para <strong>UCI Neonatal y Pedi\u00e1trica<\/strong>, y un <strong>\u00e1rea de an\u00e1lisis con m\u00e1quina de hemodi\u00e1lisis e insumos<\/strong>. Esto nos permite brindar soporte vital avanzado y tratamientos espec\u00edficos para pacientes de todas las edades en estado delicado<br><\/p>\n3 camas para adultos\nU.C.I Neonatal y Pedi\u00e1trica\n\u00c1rea de \u00e1nalisis&nbsp;con m\u00e1quina de hemodi\u00e1lisis\ne insumos.\n<h2>Emergencia<\/h2>\n<p>Nuestra <strong>Emergencia<\/strong> est\u00e1 dise\u00f1ada para una atenci\u00f3n r\u00e1pida y eficiente, conformada por un <strong>consultorio de triaje<\/strong> para la clasificaci\u00f3n inicial de pacientes. Contamos con un \u00e1rea de <strong>Trauma Shock<\/strong> equipada para emergencias cr\u00edticas, una sala de <strong>Observaci\u00f3n<\/strong> para seguimiento cercano, y un <strong>Triaje Respiratorio<\/strong> espec\u00edfico para casos con afecciones respiratorias, asegurando una respuesta oportuna y especializada.<\/p>\nConsultorio de triaje\nTrauma Shock\nObservaci\u00f3n\nTriaje Respiratorio\n<h2>Servicios Especiales<\/h2>\n<p>Ofrecemos una gama de servicios especiales para su comodidad y atencion integral. Contamos con un completo <strong>laboratorio<\/strong>, <strong>servicio de rayos X<\/strong> para diagn\u00f3stico por im\u00e1genes, un <strong>banco de sangre<\/strong> para asegurar disponibilidad de componentes sangu\u00edneos, y una <strong>ambulancia<\/strong> equipada para traslados seguros. Adem\u00e1s, brindamos <strong>atenci\u00f3n domiciliaria<\/strong> para su conveniencia y una especialidad <strong>unidad Hemato-Oncol\u00f3gica<\/strong> m\u00e9dica para el cuidado de pacientes con enfermedades hermatol\u00f3gicas y oncol\u00f3gicas.<\/p>\nLaboratorios\nRayos X\nBanco de sangre\nAmbulancia\nAtencion Domicilaria\nUnidad Hemato-Oncol\u00f3gica m\u00e9dica\n<h2>Nuestros Aliados<\/h2>\n<h5><div _ngcontent-ng-c2093246496=\"\" class=\"presented-response-container ng-tns-c2093246496-105\"><div _ngcontent-ng-c2093246496=\"\" selection=\"\" class=\"response-container-content ng-tns-c2093246496-105\"><div _ngcontent-ng-c3437525287=\"\" class=\"response-content ng-tns-c2093246496-105\"><message-content _ngcontent-ng-c3437525287=\"\" class=\"model-response-text ng-star-inserted\" _nghost-ng-c3906195153=\"\" id=\"message-content-id-r_fd62d625dc6cd044\" style=\"height: auto;\"><div _ngcontent-ng-c3906195153=\"\" class=\"markdown markdown-main-panel\" id=\"model-response-message-contentr_fd62d625dc6cd044\" dir=\"ltr\" style=\"--animation-duration: 600ms; --fade-animation-function: linear;\"><p data-sourcepos=\"1:1-1:496\">valoramos la colaboraci\u00f3n para ofrecer una atenci\u00f3n integral. Contamos con importantes aliados estrat\u00e9gicos como <strong>Policl\u00ednica Paraguana C.A.<\/strong>, que fortalece nuestra capacidad de servicios m\u00e9dicos. Asimismo, trabajamos en conjunto con la <strong>Unidad Diagn\u00f3stica Paraguana C.A.<\/strong> para un diagn\u00f3stico preciso y oportuno, y con la <strong>Unidad de Anatom\u00eda Patol\u00f3gica Neumo-Center<\/strong> para an\u00e1lisis especializados, asegurando un abordaje completo de la salud de nuestros pacientes.<\/p><\/div><\/message-content><\/div><\/div><\/div><div _ngcontent-ng-c2093246496=\"\" class=\"response-container-footer ng-tns-c2093246496-105\"><message-actions _ngcontent-ng-c3437525287=\"\" footer=\"\" _nghost-ng-c4203419409=\"\" class=\"ng-tns-c4203419409-107 ng-star-inserted\"><!----><\/message-actions><\/div><\/h5><h2>Nuestros especialistas<\/h2><h2>A\u00f1os de servicio<\/h2>\n<h2>Emergencia<\/h2>\n<h2>Espacios disponibles<\/h2>\n<h2>Especialistas m\u00e9dicos<\/h2><h3>Clinica Privada<p><\/p><\/h3>\n<h3>Equipo digitalizador<\/h3>\n<h3>Atencion domiciliaria<p><\/p><\/h3><h2>\u00bfQu\u00cdenes somos?<\/h2>\n<p>La Policl\u00ednica Paraguan\u00e1 C.A., centro asistencial privado, se dedica a la recuperaci\u00f3n integral de la salud con excelencia, eficiencia y calidez personalizada. Aplicamos un enfoque de costo-beneficio \u00e9tico, apoyados en personal calificado e innovaci\u00f3n tecnol\u00f3gica. Nuestro compromiso es mantener su bienestar con un servicio de alta calidad.<\/p>\n<p>Nuestra cl\u00ednica busca ser un modelo de asistencia m\u00e9dica integral, optimizando costos para ofrecer servicios de calidad y excelencia, reflejando la preferencia de la sociedad. Logramos esto mediante innovaci\u00f3n tecnol\u00f3gica, administraci\u00f3n eficiente, compromiso de nuestro equipo y constante capacitaci\u00f3n.<\/p>\n<p>Satisfacer y atender las necesidades de salud prestando servicios m\u00e9dicos asistenciales a la comunidad en general, bajo los conceptos de calidad y eficiencia que aseguren la productividad deseada en la instituci\u00f3n y su permanencia en el tiempo, cumpliendo as\u00ed con la misi\u00f3n y visi\u00f3n para la cual fue creada.<\/p>","protected":false},"excerpt":{"rendered":"","protected":false},"author":1,"featured_media":0,"parent":0,"menu_order":0,"comment_status":"closed","ping_status":"closed","template":"","meta":{"pagelayer_contact_templates":[],"_pagelayer_content":"","footnotes":""},"class_list":["post-48","page","type-page","status-publish","hentry"],"_links":{"self":[{"href":"\/index.php?rest_route=\/wp\/v2\/pages\/48","targetHints":{"allow":["GET"]}}],"collection":[{"href":"\/index.php?rest_route=\/wp\/v2\/pages"}],"about":[{"href":"\/index.php?rest_route=\/wp\/v2\/types\/page"}],"author":[{"embeddable":true,"href":"\/index.php?rest_route=\/wp\/v2\/users\/1"}],"replies":[{"embeddable":true,"href":"\/index.php?rest_route=%2Fwp%2Fv2%2Fcomments&post=48"}],"version-history":[{"count":38,"href":"\/index.php?rest_route=\/wp\/v2\/pages\/48\/revisions"}],"predecessor-version":[{"id":146,"href":"\/index.php?rest_route=\/wp\/v2\/pages\/48\/revisions\/146"}],"wp:attachment":[{"href":"\/index.php?rest_route=%2Fwp%2Fv2%2Fmedia&parent=48"}],"curies":[{"name":"wp","href":"https:\/\/api.w.org\/{rel}","templated":true}]}}